 = z**2 - 8*z + 9. Suppose -4*f - a = -3, 0 = -f - 0*a + 3*a - 9. Suppose -k = f, -4*l - 2*k + 26 = 2. Determine u(l).
-3
Let n(y) = -y + 263 - 532 + 262. Suppose 2*j + 2 + 6 = 0. Let a be 12/1*2/j. Determine n(a).
-1
Let t(r) = r**2 + 6*r + 1. Let x(o) = o. Let h(w) = w**2 - 2*w + 2. Let m(k) = h(k) - 3*x(k). Let p be m(2). Calculate t(p).
-7
Let y(l) = l**3 + 12*l**2 + 9*l - 14. Let n be y(-11). Let i(p) = p**2 - 8*p - 3. Determine i(n).
-3
Let l(t) be the second derivative of t**3/3 - t**2/2 + 3*t. Let n(u) = 3*u - 3. Let b(f) = 7*l(f) - 4*n(f). What is b(-5)?
-5
Suppose -4*h + 6 = -2*h. Suppose -3*u = -0*u - h. Let b be (3 - (-1 - u)) + -1. Let i(k) = -k + 2. What is i(b)?
-2
Let s(c) = 2*c - 3. Let m be 6/(-2)*(-2 + 3). Determine s(m).
-9
Let w(t) = t**2 + 7*t. Let b be (10/(-4))/((4/(-8))/(-1)). Determine w(b).
-10
Let y(b) be the third derivative of b**4/24 + b**3/3 + b**2. Suppose -f + 3 = 4. Calculate y(f).
1
Let j(a) = -9 + 7 - 2 + 4*a + a**2. Let h be 4 + 176/(-18) - 2/9. Determine j(h).
8
Let s(a) = a**3 + 4*a**2 + a + 4. Let g(r) = 2*r**2 - 4*r. Let p be g(3). Let j be (p/5)/(15/50). Let d be (0/(-2))/2 - j. Determine s(d).
0
Let l = -5 - -5. Suppose 0 = g - 2*g + 3, 5*g - 6 = 3*t. Suppose t*u + 9 = -l*u. Let z(j) = -j - 4. Calculate z(u).
-1
Let r(y) be the third derivative of -y**6/120 + y**5/60 + y**4/24 - 5*y**3/2 + 13*y**2. Give r(0).
-15
Let p(k) = k**3 - 9*k**2 + 9*k - 9. Let h be p(8). Let m(g) = -6 - 3 - g - g**3 + 8 - g**2. What is m(h)?
0
Let w(q) be the second derivative of q**4/12 - q**3 - q**2/2 - 22*q. Give w(7).
6
Suppose -3*t - 3 + 23 = -2*i, t + i = 0. Let y(q) = -5*q**2 + 4*q**2 + 4*q**2. Let a(w) = -13*w**2 - w - 1. Let z(u) = 2*a(u) + 9*y(u). Calculate z(t).
6
Let k be (-7)/14 + 3/(-2). Let l = 0 + k. Let g(n) = -3*n + 1. Determine g(l).
7
Let b(m) = -2*m - 40. Let h be b(-17). Let w(n) = n**3 + 5*n**2 - 6*n + 5. What is w(h)?
5
Let v(x) = x**3 + 2*x**2 - 5*x - 2. Let i be v(-3). Suppose -3 = 3*p, -o = p - 0*p - 4. Let t(d) = o + 2*d**2 - 3 - d**2 - 5*d. What is t(i)?
-2
Let w = -6 - -12. Let h(i) = w*i - 2*i - 3*i + 7. Determine h(-6).
1
Let j(q) be the first derivative of -3*q**4/2 + q**2/2 + q - 2. Let r be j(-1). Let d(k) = -2*k**2 + r*k + 0*k**2 - 4*k. What is d(-2)?
-12
Let h(m) = -m + 3. Let a(u) = -2*u - 9. Let w be a(-8). Suppose -w*t + 9*t = 0. Determine h(t).
3
Let n(b) = -5*b**2 + b + 1. Let d(o) = 6*o**2 - o. Let x(k) = -4*d(k) - 5*n(k). Give x(0).
-5
Let h(z) = -z**2 + 4*z - 2. Let o(t) = t**3 - 6*t**2 + 4. Let b(g) = g**2 + 7*g + 7. Let y be b(-6). Let q be 0 - y/(-1) - -5. Let u be o(q). What is h(u)?
-2
Suppose 2*g + 4 = 4*m, g = 5*m - g - 7. Let u(w) = -3 - 3 - 3*w + 3*w**2 + w**m + 3 - w**2. Determine u(-2).
3
Let c(b) be the third derivative of b**6/120 - 7*b**5/60 + b**4/3 - 4*b**3/3 + b**2. Calculate c(6).
4
Let h(j) = -j**3 - 6*j**2 - 5*j + 2. Let i be h(-4). Let b be i/(-3) + (-2)/6. Suppose -b*l - 10 = 2. Let u(v) = -2*v - 2. Determine u(l).
6
Let a(v) be the third derivative of -v**6/120 + v**5/60 - 7*v**3/6 + 3*v**2. Suppose -4*n - m = -3, -4*n + 4*m = -8 + 20. Calculate a(n).
-7
Suppose 2*i + 3 = 3*i. Let s(j) = -j - 5*j**3 + 5*j**3 + 3 + 5*j**2 + j**i. Calculate s(-5).
8
Let f(v) = -v**3 + 4*v**2 + 2*v - 2. Suppose 3*n = -2*o + 25, -4*n + 5*n + 10 = 3*o. Determine f(n).
-17
Suppose 18 = 3*c - 2*f - f, -c = f + 4. Let g(k) = -2*k**2 - k + 1. What is g(c)?
-2
Let w(v) = -v**3 + 2*v**2 - 3*v + 2. Let n be w(2). Let q(d) be the first derivative of -d**2 - 6*d - 14. What is q(n)?
2
Suppose -r - 23 = 5*y, -2*r = 3*y - 7 + 25. Let o(a) = a**2 - 2*a - 4. Give o(r).
11
Let f(p) be the second derivative of -p**5/20 - p**4/6 + 5*p**3/6 + 11*p. What is f(-4)?
12
Let k(d) = 4*d**2 - 11*d + 4. Let m(t) = t**2 - t + 1. Let f(h) = -k(h) + 5*m(h). Give f(-5).
-4
Suppose 0 = 2*f - 4*r - 18, -39 = -5*f + 5*r - r. Suppose 2*i - f = -4*o + 3, -9 = -3*i - 4*o. Let b(w) = -11*w - 1. Give b(i).
10
Let n = -7 - -10. Let k(q) = 4 + 9 - 12 - 2 + q. Determine k(n).
2
Let g(w) = w**3 - 5*w**2 + 5*w + 3. Suppose 3*c + 12 = -3*j, c - 4*c + 3*j = -12. Suppose -2*p = -8 - c. Give g(p).
7
Suppose -3 = 4*c - 4*t + 9, 27 = -2*c - 5*t. Let y(b) be the second derivative of b**4/12 + 2*b**3/3 - 5*b**2/2 + 4*b. Give y(c).
7
Let w(q) = -q**2 + 4*q - 5. Let v(k) = 1. Let s(t) = -2*v(t) - w(t). Let i be s(4). Let h(y) = -9*y. Let j(c) = 2*c. Let n(o) = 5*h(o) + 21*j(o). What is n(i)?
-9
Let x(p) = -p**3 + 4*p**2 + 3*p - 3. Let t be 68/18 + 2/9. Let n be x(t). Let w be 2/3*n/6. Let v(z) = -9*z**2 - 2*z + 1. What is v(w)?
-10
Suppose -8 = -4*z - 0. Suppose 4*u + 8 = z*u. Let n(b) = -b**3 - 5*b**2 - 3*b - 5. Determine n(u).
-9
Let j(l) = -l**3 - 10*l**2 - l - 8. Let h be j(-10). Suppose y - 28 = 4*i - y, 5*i = h*y - 33. Let u(c) = c + 1. What is u(i)?
-4
Let f be 0/(-3*(0 - -1)). Let j(u) = u. Calculate j(f).
0
Let x(j) = j - 7. Let s(a) = -2*a + 0*a - 10 + 11*a + 2*a - 11*a**2 + a**3. Let o be s(10). What is x(o)?
-7
Let n(w) = -w**3 + 2*w + 1. Suppose 4*t - f = -9, 3*t = 4*t + f - 4. What is n(t)?
0
Suppose 2*c + 3*c = 0. Let l be (6 - -2) + -1 + c. Let z = l + -4. Let u(d) = d + 4. What is u(z)?
7
Let m(w) = -w**3 - 4*w**2 + 4*w - 1. Suppose 26 = -4*r - 2*q, 0 = -3*r + 4*q + 7 + 1. Let z = r - 1. Determine m(z).
4
Let l(i) = -i - 1. Let b be l(-5). Let x(z) be the third derivative of 0 - 2/3*z**3 - 1/12*z**b + 0*z + z**2. Determine x(-3).
2
Let d(j) = j**3 - 4*j**2 + j**2 - 3*j + 4*j. Suppose 4*m = 5*x + 1, 2*x + 5 = -3*x + 5*m. What is d(x)?
3
Let r(i) be the first derivative of -6 - 6*i - 1/2*i**2. What is r(-8)?
2
Let x(l) be the first derivative of -l**4/4 - 5*l**3/3 + 2*l**2 - l + 10. What is x(-6)?
11
Let y be 2*((-10)/(-4))/(-1). Let g = 1 + y. Let f(s) = s. Let p(u) = u**2 + 8*u - 3. Let j(x) = -4*f(x) + p(x). Give j(g).
-3
Let h(z) = 2*z + 5. Let x(q) = 1. Let k(t) = -h(t) + 2*x(t). What is k(-6)?
9
Let m(i) = 10*i**2 + 2*i - 13. Let k(y) = 3*y**2 + y - 4. Let w(a) = -7*k(a) + 2*m(a). Calculate w(-6).
-16
Let w(d) = -d**3 + 3*d**2 - 4*d + 2. Suppose 14*j = -4*j + 36. What is w(j)?
-2
Let x(n) = n**2 - 8*n + 7. Let q = 25 - 19. Determine x(q).
-5
Let z = -1 + 7. Suppose 2*t - 14 = -z. Suppose -y - 3*y - t = 0. Let o(s) = -2*s**2 - s - 1. Calculate o(y).
-2
Let o(g) = g + g**2 + 0*g**2 - 1 + 3*g - g. Calculate o(-4).
3
Let c(o) = -o**3 - 2*o**2 + 6*o + 2. Suppose 7*x = 6 - 34. Give c(x).
10
Let y(k) be the second derivative of k**4/6 - 4*k**3/3 - 21*k**2/2 + 2*k. Let x(j) = -j**2 + 4*j + 11. Let c(d) = -11*x(d) - 6*y(d). Give c(5).
0
Let t be (6/9)/(10/165). Let j(o) = 4*o - 9. Let z(c) = -7*c + 17. Let h(g) = t*j(g) + 6*z(g). Give h(-5).
-7
Let m(w) = -2*w + 3. Suppose v - 6*f = -2*f + 12, 4*f - 8 = -4*v. Let c(p) = -p**2 + 3*p + 1. Let d be c(v). Calculate m(d).
9
Suppose q + 3 = -2*q. Let t(k) = 6*k + k - 3*k + 1. Let h be t(q). Let s(c) = c**3 + 4*c**2 - 3. Determine s(h).
6
Let m be 4*3/6 - -3. Let n(u) = -31 - 4*u + m*u + 19. What is n(5)?
-7
Let w(r) = 3*r**3 + 8*r**2 - 13*r - 2. Suppose 28 = -0*p - 4*p. Let s(f) = -f**3 - 3*f**2 + 4*f + 1. Let i(m) = p*s(m) - 2*w(m). Calculate i(-5).
7
Suppose 4*u = 20 - 0. Let z(m) = m**2 - 7*m + 4. Give z(u).
-6
Let b(h) = h. Suppose -d - 5*x + 10 = -3*x, -25 = 3*d - 5*x. Calculate b(d).
0
Suppose -18 = -13*t + 4*t. Let d(y) be the third derivative of 1/12*y**4 + 0 + 0*y + 1/6*y**3 + 3*y**t. Calculate d(3).
7
Let s be -1*(2 - (1 + 6)). Let a(r) = -r**3 + 5*r**2 + r - 3. Give a(s).
2
Let s(p) = -2*p**3 + 5*p - 1. Let z(d) = d**3 + d**2 - d - 1. Let f(w) = -s(w) - 3*z(w). Give f(-3).
10
Let p(r) = r - 4. Let l(w) = w - 3. Let x(j) = 5*l(j) - 4*p(j). Calculate x(-3).
-2
Let z(o) = 2*o**3 - 2*o**2 - 2. Let x(v) = -v**2 - 3*v + 2. Suppose -5*t + 0*u - 5*u = 5, 4*t + 2*u = -8. Let l be x(t). Give z(l).
6
Let j(b) = 8 - 8*b**2 + 7*b**2 + 0 - 10*b. Give j(-11).
-3
Let n = -42 - -28. Let a = -11 - n. Let k(r) = 4*r + 2. Calculate k(a).
14
Let b be -2 - -7 - 3/(-3). Let j(h) = 7 + 3 + 5*h**3 + 2*h - 7*h**2 - b*h**3. Let v be j(-7). Let f(i) = i**3 + 5*i**2 + 2*i - 1. Determine f(v).
7
Let o be 5*((-16)/(-10) + -2). Let b(h) = h**3 + 2*h**2 - 2*h - 3. Calculate b(o).
1
Let c(f) = f**2 - 5*f - 1. Let k = 119 + -113. Calculate c(k).
5
Suppose -2*c + 6 = -2*j, 3*c - 2*j - 12 = 2*j. 